ase 6?
-555214
-2278 (base 9) to base 10
-1691
Convert 97b (base 13) to base 7.
4506
What is -1100 (base 8) in base 2?
-1001000000
212344 (base 6) to base 4
10100020
Convert de (base 15) to base 3.
21202
What is -1101112 (base 3) in base 2?
-1111110101
Convert -39880 (base 10) to base 2.
-1001101111001000
-1c65 (base 14) to base 9
-7101
What is -2804 (base 9) in base 2?
-100000111110
-10000202 (base 3) to base 7
-6302
Convert 51200 (base 10) to base 9.
77208
db3 (base 15) to base 8
6025
1001101101 (base 2) to base 10
621
What is -3134 (base 6) in base 10?
-706
Convert -3152 (base 7) to base 2.
-10001011011
8364 (base 11) to base 15
343b
98b2 (base 16) to base 12
1a756
-1104 (base 8) to base 5
-4310
Convert -1527 (base 8) to base 9.
-1150
-42203 (base 5) to base 4
-223303
-1021100 (base 3) to base 4
-32133
Convert -21132 (base 9) to base 11.
-a542
Convert 1439 (base 10) to base 3.
1222022
220011 (base 3) to base 4
22030
What is 371 (base 10) in base 14?
1c7
Convert 1302110 (base 4) to base 16.
1c94
Convert 1120211002 (base 3) to base 9.
46732
23548 (base 9) to base 11
10926
98 (base 14) to base 4
2012
10011010001 (base 2) to base 14
641
Convert -4269 (base 11) to base 9.
-7657
Convert 104c (base 13) to base 14.
b77
Convert -25434 (base 6) to base 4.
-323332
What is -2212212 (base 4) in base 5?
-320122
What is 2676 (base 11) in base 7?
13056
-1100110010010 (base 2) to base 9
-8873
Convert 1510 (base 7) to base 16.
253
Convert 10133 (base 4) to base 2.
100011111
Convert -1001110100111 (base 2) to base 4.
-1032213
Convert -961 (base 11) to base 4.
-102010
What is 5071 (base 10) in base 6?
35251
What is -3b399 (base 12) in base 4?
-103331211
Convert -10101010001010 (base 2) to base 15.
-3360
100101110001110 (base 2) to base 15
5ae7
-8d4c (base 16) to base 4
-20311030
-15a (base 16) to base 2
-101011010
2b4 (base 14) to base 12
39a
72c (base 13) to base 5
14341
What is c5 (base 15) in base 5?
1220
-2142 (base 6) to base 3
-200022
What is e18 (base 16) in base 5?
103413
What is -10c26 (base 15) in base 16?
-d071
Convert -2021433 (base 5) to base 12.
-16b47
505 (base 9) to base 15
1c5
-b60 (base 12) to base 13
-9a5
Convert -11113023 (base 4) to base 8.
-52713
-10039 (base 10) to base 6
-114251
Convert 810 (base 9) to base 13.
3b7
Convert -262 (base 12) to base 4.
-11222
What is 200200 (base 3) in base 6?
2200
Convert -1643 (base 11) to base 15.
-954
Convert 201 (base 16) to base 3.
201000
Convert -6154 (base 7) to base 6.
-13534
22323202 (base 4) to base 15
d3ea
Convert 4154 (base 7) to base 2.
10110110100
Convert a4 (base 16) to base 9.
202
-5690 (base 11) to base 14
-2a24
What is -b8 (base 13) in base 3?
-12121
What is 6404 (base 8) in base 6?
23232
What is 5895 (base 10) in base 13?
28b6
-441 (base 5) to base 10
-121
175d (base 15) to base 5
130123
Convert -741 (base 11) to base 12.
-624
Convert 1718 (base 16) to base 14.
2224
Convert cb11 (base 13) to base 8.
67115
315 (base 9) to base 5
2012
-1b5c (base 13) to base 2
-1000000100101
What is d6 (base 15) in base 3?
21110
110013 (base 4) to base 14
67d
What is -3021 (base 7) in base 13?
-624
Convert 221022 (base 3) to base 11.
571
Convert -6249 (base 12) to base 10.
-10713
What is 3608 (base 12) in base 7?
23441
2738 (base 11) to base 14
1418
587 (base 16) to base 4
112013
What is -737 (base 14) in base 10?
-1421
Convert 1100000010110 (base 2) to base 9.
8411
-242366 (base 7) to base 6
-540055
Convert -1301 (base 8) to base 2.
-1011000001
What is 20c (base 14) in base 8?
624
What is -337 (base 16) in base 11?
-689
Convert 45aa (base 13) to base 8.
23055
Convert 110 (base 16) to base 15.
132
What is -12032 (base 4) in base 10?
-398
Convert -6513 (base 8) to base 3.
-11200001
What is a902 (base 11) in base 14?
5369
110400 (base 6) to base 4
2100000
Convert 12515 (base 8) to base 13.
2636
What is 2a1d (base 14) in base 16?
1d33
Convert -544 (base 8) to base 12.
-258
What is -54555 (base 6) in base 3?
-101100222
What is 14c (base 14) in base 5?
2024
-11121200 (base 3) to base 12
-1b46
What is -191b2 (base 13) in base 12?
-241a0
3bb (base 12) to base 6
2355
Convert -335 (base 13) to base 9.
-672
What is -152 (base 11) in base 6?
-454
137 (base 12) to base 9
227
2712 (base 13) to base 14
2076
Convert 12c4 (base 15) to base 3.
12111111
What is 2352 (base 6) in base 14?
2cc
Convert 1859 (base 13) to base 3.
11222012
-125344 (base 7) to base 3
-1012020111
-1032213 (base 5) to base 4
-10112100
-11022233 (base 4) to base 13
-9833
What is 4002 (base 8) in base 6?
13254
5cf (base 16) to base 3
2001002
Convert 11121010 (base 3) to base 6.
23303
Convert 20755 (base 8) to base 5.
234220
-3343 (base 13) to base 12
-4181
What is -201403 (base 5) in base 4?
-1211032
1100100001 (base 2) to base 5
11201
1166 (base 16) to base 10
4454
What is -116 (base 16) in base 7?
-545
Convert 1321 (base 6) to base 9.
414
What is -61 (base 15) in base 4?
-1123
Convert -234 (base 5) to base 13.
-54
What is -312201 (base 4) in base 2?
-110110100001
What is -33666 (base 7) in base 11?
-6495
Convert -c3d (base 14) to base 4.
-211213
-3060 (base 8) to base 5
-22314
6572 (base 9) to base 3
20122102
244 (base 8) to base 12
118
What is ac7 (base 14) in base 9?
2832
What is 37ba (base 16) in base 2?
11011110111010
What is -822 (base 9) in base 15?
-2e8
Convert 1241 (base 9) to base 13.
565
-20506 (base 7) to base 2
-1001110111101
Convert -101 (base 3) to base 10.
-10
2224 (base 7) to base 16
322
-4736 (base 9) to base 10
-3516
Convert -1376 (base 8) to base 7.
-2143
What is 6dc (base 14) in base 5?
20440
Convert 399 (base 16) to base 11.
768
Convert -5420 (base 9) to base 3.
-12110200
-302 (base 10) to base 13
-1a3
-64c4 (base 14) to base 7
-101534
-2050 (base 9) to base 6
-10543
What is 11010011001 (base 2) in base 3?
2022120
Convert 231035 (base 6) to base 3.
222222212
What is -165 (base 7) in base 11?
-88
Convert -214221 (base 6) to base 11.
-1240a
-2c5 (base 15) to base 11
-528
2101322 (base 4) to base 10
9338
143412 (base 5) to base 2
1011111011011
Convert -2840 (base 12) to base 10.
-4656
Convert 803d (base 14) to base 9.
33162
What is 763 (base 8) in base 7?
1312
What is 4229 (base 12) in base 8?
16101
3a52 (base 14) to base 7
41632
-1834 (base 12) to base 6
-21304
22141 (base 7) to base 6
41434
Convert 324231 (base 5) to base 9.
16314
Convert 13535 (base 6) to base 15.
982
Convert 2149 (base 14) to base 10.
5749
Convert 250654 (base 7) to base 12.
22714
Convert -7156 (base 13) to base 5.
-444434
What is 11545 (base 6) in base 16?
6b9
8648 (base 10) to base 6
104012
What is 33212 (base 4) in base 9?
1328
Convert 100101000000100 (base 2) to base 6.
223420
-101001011010111 (base 2) to base 13
-9864
What is 6955 (base 15) in base 3?
1010122222
What is -64701 (base 8) in base 11?
-19382
-362 (base 16) to base 4
-31202
Convert 3110332 (base 5) to base 8.
143035
What is -136 (base 8) in base 13?
-73
Convert 16794 (base 12) to base 11.
22235
22150 (base 6) to base 7
12003
-202001 (base 5) to base 9
-8823
What is -1000000 (base 3) in base 16?
-2d9
Convert 133011 (base 4) to base 14.
a21
Convert -482 (base 15) to base 7.
-2660
What is -97a6 (base 13) in base 5?
-1133332
23636 (base 7) to base 5
144102
-e68 (base 15) to base 16
-cb0
Convert -110000101 (base 2) to base 5.
-3024
Convert 30120333 (base 4) to base 10.
50751
Convert 10513 (base 6) to base 11.
1130
156 (base 13) to base 3
22220
233 (base 16) to base 6
2335
214 (base 10) to base 8
326
Convert -458 (base 9) to base 12.
-275
-34 (base 14) to base 16
-2e
4486 (base 13) to base 9
14117
What is 3042 (base 5) in base 4?
12031
Convert -10807 (base 9) to base 5.
-212331
What is 131 (base 14) in base 11?
1a8
What is 105d5 (base 16) in base 14?
1a5db
Convert 831 (base 9) to base 5.
10201
What is -10011111101 (base 2) in base 13?
-773
What is 240c (base 16) in base 13?
427b
What is -447 (base 9) in base 12?
-267
-101031 (base 4) to base 3
-1111210
-1304 (base 5) to base 13
-129
Convert 7545 (base 8) to base 2.
111101100101
What is -8975 (base 12) in base 11?
-10477
32102 (base 4) to base 6
4122
-195 (base 10) to base 2
-11000011
What is 15829 (base 10) in base 15?
4a54
Convert -7542 (base 11) to base 10.
-9968
Convert f5d (base 16) to base 15.
1273
Convert 1160 (base 7) to base 14.
230
dd4 (